are the prime factors of 196990?
2, 5, 19699
What are the prime factors of 836041?
29, 127, 227
What are the prime factors of 2145120?
2, 3, 5, 41, 109
What are the prime factors of 200081?
7, 101, 283
List the prime factors of 267593.
267593
What are the prime factors of 1001304?
2, 3, 13907
List the prime factors of 244904.
2, 11, 23
What are the prime factors of 14360578?
2, 41, 175129
What are the prime factors of 5246709?
3, 13, 29, 4639
List the prime factors of 3245448.
2, 3, 29, 4663
What are the prime factors of 544447?
443, 1229
List the prime factors of 6253468.
2, 13, 241, 499
List the prime factors of 6144035.
5, 37, 33211
List the prime factors of 434783.
434783
List the prime factors of 184446.
2, 3, 10247
What are the prime factors of 2185201?
2185201
List the prime factors of 1951040.
2, 5, 7, 13, 67
List the prime factors of 1290392.
2, 23, 7013
What are the prime factors of 6482835?
3, 5, 16007
What are the prime factors of 631409?
631409
What are the prime factors of 13296953?
101, 173, 761
List the prime factors of 1385093.
1385093
List the prime factors of 3872972.
2, 107, 9049
What are the prime factors of 6154438?
2, 29, 3659
List the prime factors of 22344370.
2, 5, 2234437
What are the prime factors of 4092472?
2, 511559
What are the prime factors of 3819161?
71, 53791
What are the prime factors of 308673?
3, 34297
What are the prime factors of 2292920?
2, 5, 7, 19, 431
List the prime factors of 1757038.
2, 89, 9871
What are the prime factors of 17889264?
2, 3, 124231
List the prime factors of 21396915.
3, 5, 37, 71, 181
List the prime factors of 6379980.
2, 3, 5, 113, 941
List the prime factors of 5086059.
3, 11, 23, 6701
List the prime factors of 148686.
2, 3, 24781
List the prime factors of 905467.
29, 31223
List the prime factors of 23655916.
2, 5913979
List the prime factors of 4261699.
13, 327823
What are the prime factors of 359414?
2, 11, 17, 31
List the prime factors of 327883.
19, 17257
List the prime factors of 8420476.
2, 2105119
List the prime factors of 97743.
3, 31, 1051
List the prime factors of 265290.
2, 3, 5, 37, 239
List the prime factors of 281811.
3, 93937
What are the prime factors of 427617?
3, 47513
List the prime factors of 921434.
2, 17, 41, 661
List the prime factors of 461384.
2, 7, 11, 107
What are the prime factors of 69473?
69473
What are the prime factors of 80314?
2, 13, 3089
List the prime factors of 389592.
2, 3, 7, 773
List the prime factors of 889668.
2, 3, 13, 1901
What are the prime factors of 255156?
2, 3, 11, 1933
What are the prime factors of 995265?
3, 5, 17, 1301
What are the prime factors of 2864699?
193, 14843
What are the prime factors of 378860?
2, 5, 19, 997
List the prime factors of 4519494.
2, 3, 7, 35869
What are the prime factors of 3002049?
3, 111187
List the prime factors of 7489524.
2, 3, 7, 163, 547
List the prime factors of 91561.
19, 61, 79
List the prime factors of 17363746.
2, 41, 107, 1979
What are the prime factors of 530842?
2, 13, 17, 1201
List the prime factors of 103351.
181, 571
List the prime factors of 3954552.
2, 3, 7, 23539
What are the prime factors of 2351719?
41, 1399
List the prime factors of 206376.
2, 3, 8599
What are the prime factors of 10020810?
2, 3, 5, 41, 8147
What are the prime factors of 706140?
2, 3, 5, 3923
List the prime factors of 355840.
2, 5, 139
What are the prime factors of 23550650?
2, 5, 331, 1423
What are the prime factors of 1336269?
3, 11, 40493
List the prime factors of 41552905.
5, 19, 23021
What are the prime factors of 633104?
2, 39569
What are the prime factors of 963766?
2, 481883
What are the prime factors of 13453?
11, 1223
What are the prime factors of 229278?
2, 3, 7, 53, 103
What are the prime factors of 966565?
5, 79, 2447
List the prime factors of 948702.
2, 3, 17, 71, 131
What are the prime factors of 8815026?
2, 3, 11, 23, 5807
List the prime factors of 204938.
2, 43, 2383
What are the prime factors of 7599847?
7599847
What are the prime factors of 2001547?
2001547
List the prime factors of 1202262.
2, 3, 151, 1327
What are the prime factors of 411437?
13, 31649
List the prime factors of 3907715.
5, 7, 311, 359
List the prime factors of 13722675.
3, 5, 182969
What are the prime factors of 203126?
2, 7, 11, 1319
What are the prime factors of 5573032?
2, 696629
What are the prime factors of 9040630?
2, 5, 137, 6599
What are the prime factors of 25464?
2, 3, 1061
What are the prime factors of 1668344?
2, 107, 1949
What are the prime factors of 96023?
131, 733
What are the prime factors of 1995496?
2, 249437
List the prime factors of 1938370.
2, 5, 7, 27691
What are the prime factors of 518235?
3, 5, 34549
What are the prime factors of 559061?
23, 109, 223
What are the prime factors of 522240?
2, 3, 5, 17
What are the prime factors of 10700284?
2, 7, 401, 953
List the prime factors of 29668478.
2, 7, 359, 5903
What are the prime factors of 535769?
13, 41213
List the prime factors of 22702834.
2, 7, 11, 19, 7759
List the prime factors of 216781.
216781
List the prime factors of 654927.
3, 7, 13, 2399
What are the prime factors of 83486?
2, 13, 19
List the prime factors of 4027.
4027
List the prime factors of 733761.
3, 7, 19, 613
What are the prime factors of 364528?
2, 22783
List the prime factors of 179997.
3, 59999
What are the prime factors of 4091105?
5, 443, 1847
What are the prime factors of 7604344?
2, 11, 86413
What are the prime factors of 25445199?
3, 13, 19, 23, 1493
List the prime factors of 70027.
239, 293
List the prime factors of 200782.
2, 100391
What are the prime factors of 635722?
2, 47, 6763
What are the prime factors of 244052?
2, 17, 37, 97
List the prime factors of 242233.
17, 14249
What are the prime factors of 184923?
3, 761
What are the prime factors of 3269821?
3269821
List the prime factors of 9263198.
2, 7, 17, 38921
List the prime factors of 20606196.
2, 3, 13, 31, 4261
What are the prime factors of 12433055?
5, 2486611
What are the prime factors of 210648?
2, 3, 67, 131
List the prime factors of 3216508.
2, 804127
List the prime factors of 2948514.
2, 3, 17, 137, 211
What are the prime factors of 821700?
2, 3, 5, 11, 83
List the prime factors of 3086282.
2, 17, 43, 2111
List the prime factors of 3248242.
2, 31, 52391
List the prime factors of 84404.
2, 21101
What are the prime factors of 226886?
2, 11, 10313
What are the prime factors of 868305?
3, 5, 107, 541
List the prime factors of 4589563.
11, 223, 1871
List the prime factors of 3768097.
3768097
What are the prime factors of 7518760?
2, 5, 17, 11057
What are the prime factors of 26322034?
2, 13161017
List the prime factors of 3164329.
7, 17, 26591
List the prime factors of 2009428.
2, 691, 727
What are the prime factors of 27282?
2, 3, 4547
What are the prime factors of 343093?
103, 3331
What are the prime factors of 97470?
2, 3, 5, 19
List the prime factors of 1665390.
2, 3, 5, 43, 1291
What are the prime factors of 10699430?
2, 5, 7, 353, 433
What are the prime factors of 6056159?
6056159
List the prime factors of 16696273.
11, 1517843
List the prime factors of 304632.
2, 3, 4231
List the prime factors of 1563549.
3, 13, 47, 853
List the prime factors of 26748312.
2, 3, 523, 2131
What are the prime factors of 1965428?
2, 491357
What are the prime factors of 511394?
2, 13, 17, 89
What are the prime factors of 404787?
3, 17, 7937
List the prime factors of 2590514.
2, 149, 8693
What are the prime factors of 130383?
3, 11, 439
List the prime factors of 6511003.
6511003
What are the prime factors of 2708642?
2, 1354321
What are the prime factors of 24135?
3, 5, 1609
What are the prime factors of 1065690?
2, 3, 5, 3947
What are the prime factors of 1175391?
3, 7, 691
List the prime factors of 17506618.
2, 2063, 4243
What are the prime factors of 973066?
2, 19, 29, 883
List the prime factors of 5122984.
2, 17, 139, 271
What are the prime factors of 2165622?
2, 3, 61, 97
List the prime factors of 369783.
3, 181, 227
List the prime factors of 120491.
7, 2459
List the prime factors of 9893062.
2, 89, 55579
What are the prime factors of 393143?
393143
List the prime factors of 40567.
113, 359
List the prime factors of 6164175.
3, 5, 82189
List the prime factors of 547964.
2, 136991
What are the prime factors of 330625?
5, 23
Li